{"id":7,"date":"2013-07-29T18:35:34","date_gmt":"2013-07-29T17:35:34","guid":{"rendered":"http:\/\/localhost\/SAJ\/?page_id=3"},"modified":"2024-10-21T10:05:37","modified_gmt":"2024-10-21T09:05:37","slug":"a-propos","status":"publish","type":"page","link":"https:\/\/www.ajp.be\/etudiants\/a-propos\/","title":{"rendered":"Les \u00e9tudiant\u00b7es en journalisme peuvent adh\u00e9rer \u00e0 l&rsquo;AJP"},"content":{"rendered":"<p><a href=\"https:\/\/www.ajp.be\/etudiants\/wp-content\/uploads\/2024\/10\/CARTES-2025-Collabo-recto-Specimen.jpg\"><img loading=\"lazy\" class=\"wp-image-595 size-medium alignleft\" src=\"https:\/\/www.ajp.be\/etudiants\/wp-content\/uploads\/2024\/10\/CARTES-2025-Collabo-recto-Specimen-300x194.jpg\" alt=\"\" width=\"300\" height=\"194\" srcset=\"https:\/\/www.ajp.be\/etudiants\/wp-content\/uploads\/2024\/10\/CARTES-2025-Collabo-recto-Specimen-300x194.jpg 300w, https:\/\/www.ajp.be\/etudiants\/wp-content\/uploads\/2024\/10\/CARTES-2025-Collabo-recto-Specimen-768x497.jpg 768w, https:\/\/www.ajp.be\/etudiants\/wp-content\/uploads\/2024\/10\/CARTES-2025-Collabo-recto-Specimen.jpg 1004w\" sizes=\"(max-width: 300px) 100vw, 300px\" \/><\/a>En F\u00e9d\u00e9ration Wallonie-Bruxelles, l&rsquo;AJP regroupe quelque 80% de journalistes professionnels. Elle est leur union professionnelle, qui leur rend des services sp\u00e9cifiques, les repr\u00e9sente devant les pouvoirs publics ou l&rsquo;opinion, et qui les d\u00e9fend dans les conflits sociaux.<\/p>\n<p>L&rsquo;AJP accueille parmi ses membres les \u00e9tudiant\u00b7es des \u00e9coles de journalisme. Pour leur apporter des informations et des services compl\u00e9mentaires \u00e0 leur formation, concernant notamment le march\u00e9 du travail et l&rsquo;exercice du m\u00e9tier. En adh\u00e9rant \u00e0 l&rsquo;association, les futur\u00b7es journalistes \u00e9tablissent un lien avec le milieu professionnel et b\u00e9n\u00e9ficient d&rsquo;une carte de membre.<\/p>\n<p>Depuis la rentr\u00e9e 2018-2019, l&rsquo;AJP a mis en place un syst\u00e8me d&rsquo;affiliation collective. Les \u00e9coles sont invit\u00e9es \u00e0 affilier collectivement leurs \u00e9tudiant\u00b7es de BAC 3 (pour les hautes \u00e9coles) ou de MA1 et MA2 (universit\u00e9s) au prix de 20 euros par \u00e9tudiant\u00b7e.<\/p>\n<p>\u2192 <a href=\"http:\/\/www.ajp.be\/etudiants\/wp-content\/uploads\/2019\/11\/AJPDepliantEtud2019.pdf\">t\u00e9l\u00e9chargez la brochure de pr\u00e9sentation<\/a><\/p>\n<p>Pour en savoir plus sur la participation de votre \u00e9cole, merci de contacter le\u00b7la responsable de votre section, ou d&rsquo;envoyer un mail \u00e0 <a href=\"mailto:etudiants@ajp.be\">etudiants@ajp.be<\/a>.<\/p>\n","protected":false},"excerpt":{"rendered":"<p>En F\u00e9d\u00e9ration Wallonie-Bruxelles, l&rsquo;AJP regroupe quelque 80% de journalistes professionnels. Elle est leur union professionnelle, qui leur rend des services sp\u00e9cifiques, les repr\u00e9sente devant les pouvoirs publics ou l&rsquo;opinion, et qui les d\u00e9fend dans les conflits sociaux. L&rsquo;AJP accueille parmi ses membres les \u00e9tudiant\u00b7es des \u00e9coles de journalisme. Pour leur [&hellip;]<\/p>\n","protected":false},"author":6,"featured_media":583,"parent":0,"menu_order":0,"comment_status":"open","ping_status":"open","template":"","meta":[],"_links":{"self":[{"href":"https:\/\/www.ajp.be\/etudiants\/wp-json\/wp\/v2\/pages\/7"}],"collection":[{"href":"https:\/\/www.ajp.be\/etudiants\/wp-json\/wp\/v2\/pages"}],"about":[{"href":"https:\/\/www.ajp.be\/etudiants\/wp-json\/wp\/v2\/types\/page"}],"author":[{"embeddable":true,"href":"https:\/\/www.ajp.be\/etudiants\/wp-json\/wp\/v2\/users\/6"}],"replies":[{"embeddable":true,"href":"https:\/\/www.ajp.be\/etudiants\/wp-json\/wp\/v2\/comments?post=7"}],"version-history":[{"count":23,"href":"https:\/\/www.ajp.be\/etudiants\/wp-json\/wp\/v2\/pages\/7\/revisions"}],"predecessor-version":[{"id":602,"href":"https:\/\/www.ajp.be\/etudiants\/wp-json\/wp\/v2\/pages\/7\/revisions\/602"}],"wp:featuredmedia":[{"embeddable":true,"href":"https:\/\/www.ajp.be\/etudiants\/wp-json\/wp\/v2\/media\/583"}],"wp:attachment":[{"href":"https:\/\/www.ajp.be\/etudiants\/wp-json\/wp\/v2\/media?parent=7"}],"curies":[{"name":"wp","href":"https:\/\/api.w.org\/{rel}","templated":true}]}}

Les étudiant·es en journalisme peuvent adhérer à l&rsquo;AJP

<p><a href="https://www.ajp.be/etudiants/wp-content/uploads/2024/10/CARTES-2025-Collabo-recto-Specimen.jpg"><img loading="lazy" class="wp-image-595 size-medium alignleft" src="https://www.ajp.be/etudiants/wp-content/uploads/2024/10/CARTES-2025-Collabo-recto-Specimen-300x194.jpg" alt="" width="300" height="194" srcset="https://www.ajp.be/etudiants/wp-content/uploads/2024/10/CARTES-2025-Collabo-recto-Specimen-300x194.jpg 300w, https://www.ajp.be/etudiants/wp-content/uploads/2024/10/CARTES-2025-Collabo-recto-Specimen-768x497.jpg 768w, https://www.ajp.be/etudiants/wp-content/uploads/2024/10/CARTES-2025-Collabo-recto-Specimen.jpg 1004w" sizes="(max-width: 300px) 100vw, 300px" /></a>En Fédération Wallonie-Bruxelles, l&rsquo;AJP regroupe quelque 80% de journalistes professionnels. Elle est leur union professionnelle, qui leur rend des services spécifiques, les représente devant les pouvoirs publics ou l&rsquo;opinion, et qui les défend dans les conflits sociaux.</p>
<p>L&rsquo;AJP accueille parmi ses membres les étudiant·es des écoles de journalisme. Pour leur apporter des informations et des services complémentaires à leur formation, concernant notamment le marché du travail et l&rsquo;exercice du métier. En adhérant à l&rsquo;association, les futur·es journalistes établissent un lien avec le milieu professionnel et bénéficient d&rsquo;une carte de membre.</p>
<p>Depuis la rentrée 2018-2019, l&rsquo;AJP a mis en place un système d&rsquo;affiliation collective. Les écoles sont invitées à affilier collectivement leurs étudiant·es de BAC 3 (pour les hautes écoles) ou de MA1 et MA2 (universités) au prix de 20 euros par étudiant·e.</p>
<p>→ <a href="http://www.ajp.be/etudiants/wp-content/uploads/2019/11/AJPDepliantEtud2019.pdf">téléchargez la brochure de présentation</a></p>
<p>Pour en savoir plus sur la participation de votre école, merci de contacter le·la responsable de votre section, ou d&rsquo;envoyer un mail à <a href="mailto:etudiants@ajp.be">etudiants@ajp.be</a>.</p>

<p>En Fédération Wallonie-Bruxelles, l&rsquo;AJP regroupe quelque 80% de journalistes professionnels. Elle est leur union professionnelle, qui leur rend des services spécifiques, les représente devant les pouvoirs publics ou l&rsquo;opinion, et qui les défend dans les conflits sociaux. L&rsquo;AJP accueille parmi ses membres les étudiant·es des écoles de journalisme. Pour leur [&hellip;]</p>
